he highest common divisor of 60 and 2388?
12
Calculate the highest common factor of 51 and 68.
17
Calculate the highest common divisor of 732 and 276.
12
Calculate the highest common factor of 204 and 12.
12
What is the greatest common factor of 99 and 1947?
33
Calculate the highest common factor of 66 and 15.
3
What is the greatest common factor of 40 and 104?
8
What is the greatest common factor of 736 and 96?
32
Calculate the highest common divisor of 6 and 204.
6
Calculate the highest common factor of 1 and 224.
1
What is the highest common divisor of 50 and 42550?
50
Calculate the highest common divisor of 78 and 240.
6
What is the greatest common factor of 752 and 48?
16
Calculate the highest common divisor of 755 and 19781.
151
What is the highest common factor of 1178 and 186?
62
What is the highest common factor of 246 and 6?
6
Calculate the greatest common divisor of 70 and 1330.
70
What is the highest common factor of 510 and 15?
15
What is the highest common divisor of 144 and 744?
24
What is the greatest common factor of 144 and 48?
48
What is the highest common divisor of 2947 and 14?
7
What is the highest common factor of 627 and 33?
33
What is the highest common divisor of 121 and 33?
11
What is the greatest common divisor of 3053 and 172?
43
Calculate the greatest common factor of 108 and 612.
36
Calculate the highest common divisor of 30 and 372.
6
What is the highest common factor of 1218 and 3480?
174
Calculate the greatest common divisor of 2 and 2900.
2
Calculate the highest common factor of 1190 and 20.
10
What is the greatest common factor of 81 and 9?
9
What is the greatest common factor of 99 and 429?
33
Calculate the greatest common factor of 22416 and 48.
48
What is the greatest common factor of 333 and 296?
37
Calculate the greatest common factor of 11 and 33.
11
Calculate the highest common factor of 174 and 6.
6
Calculate the greatest common factor of 710 and 2698.
142
Calculate the highest common factor of 8 and 1172.
4
What is the highest common factor of 3987 and 9?
9
What is the highest common factor of 38 and 3078?
38
Calculate the greatest common divisor of 66 and 4829.
11
Calculate the highest common divisor of 612 and 27132.
204
What is the highest common divisor of 184 and 115?
23
What is the highest common divisor of 42 and 231?
21
Calculate the highest common divisor of 19320 and 280.
280
What is the highest common divisor of 213 and 142?
71
Calculate the greatest common divisor of 258 and 559.
43
Calculate the highest common factor of 441 and 108.
9
Calculate the greatest common divisor of 1119 and 21.
3
Calculate the highest common divisor of 749 and 321.
107
What is the highest common factor of 989 and 172?
43
What is the greatest common divisor of 115 and 2599?
23
Calculate the greatest common factor of 2470 and 1178.
38
Calculate the greatest common factor of 53 and 583.
53
What is the greatest common divisor of 828 and 253?
23
What is the greatest common divisor of 3400 and 550?
50
What is the highest common factor of 15 and 145?
5
What is the highest common factor of 120 and 144?
24
Calculate the greatest common factor of 2296 and 64.
8
Calculate the greatest common divisor of 36 and 396.
36
What is the highest common divisor of 30 and 80?
10
What is the highest common divisor of 16 and 112?
16
What is the greatest common factor of 9546 and 444?
222
What is the highest common divisor of 78 and 12?
6
Calculate the highest common factor of 117 and 18.
9
Calculate the greatest common divisor of 5 and 45.
5
What is the greatest common factor of 93 and 1922?
31
Calculate the highest common divisor of 63 and 273.
21
What is the greatest common divisor of 629 and 476?
17
Calculate the greatest common factor of 7 and 129.
1
Calculate the greatest common divisor of 7106 and 187.
187
What is the greatest common divisor of 13289 and 388?
97
Calculate the greatest common factor of 32 and 16.
16
Calculate the highest common factor of 77 and 11.
11
What is the greatest common factor of 238 and 182?
14
What is the greatest common factor of 160 and 96?
32
Calculate the greatest common divisor of 568 and 96.
8
Calculate the greatest common divisor of 175 and 665.
35
What is the highest common factor of 9 and 186?
3
Calculate the greatest common factor of 82 and 861.
41
Calculate the greatest common factor of 290 and 928.
58
What is the greatest common factor of 204 and 1308?
12
Calculate the highest common divisor of 264 and 473.
11
What is the highest common factor of 416 and 48?
16
Calculate the greatest common factor of 28 and 70.
14
What is the highest common divisor of 17 and 629?
17
What is the greatest common factor of 168 and 1944?
24
Calculate the greatest common divisor of 140 and 98.
14
What is the greatest common factor of 207 and 9?
9
Calculate the highest common factor of 17613 and 57.
57
What is the highest common divisor of 2380 and 35?
35
What is the highest common divisor of 43100 and 40?
20
Calculate the highest common divisor of 1340 and 938.
134
Calculate the highest common divisor of 12 and 936.
12
Calculate the highest common divisor of 53 and 477.
53
Calculate the highest common divisor of 28 and 49.
7
What is the greatest common factor of 154 and 42?
14
Calculate the highest common factor of 25 and 2.
1
What is the greatest common divisor of 64 and 40?
8
What is the greatest common divisor of 3198 and 234?
78
Calculate the highest common divisor of 220 and 99.
11
What is the highest common divisor of 472 and 8?
8
What is the greatest common divisor of 3 and 174?
3
Calculate the greatest common divisor of 3 and 337.
1
Calculate the greatest common factor of 598 and 2.
2
What is the highest common factor of 106 and 26?
2
Calculate the highest common factor of 510 and 30.
30
Calculate the greatest common divisor of 74 and 370.
74
What is the highest common factor of 15 and 10?
5
Calculate the greatest common divisor of 46 and 5566.
46
What is the greatest common divisor of 32 and 52?
4
Calculate the highest common divisor of 6 and 1398.
6
What is the greatest common divisor of 480 and 3?
3
What is the greatest common factor of 24 and 1140?
12
What is the highest common divisor of 21 and 5418?
21
Calculate the greatest common divisor of 1143 and 423.
9
Calculate the highest common divisor of 87 and 580.
29
Calculate the greatest common factor of 1131 and 174.
87
Calculate the highest common divisor of 26567 and 31.
31
Calculate the greatest common divisor of 180 and 27.
9
Calculate the greatest common factor of 864 and 64.
32
Calculate the highest common factor of 30 and 1810.
10
Calculate the greatest common divisor of 4277 and 182.
91
Calculate the greatest common factor of 35 and 196.
7
Calculate the highest common divisor of 732 and 48.
12
Calculate the highest common divisor of 34 and 4318.
34
What is the highest common factor of 5096 and 416?
104
What is the greatest common divisor of 3081 and 39?
39
Calculate the highest common divisor of 1021 and 3.
1
What is the highest common factor of 1161 and 2193?
129
What is the highest common divisor of 48 and 1392?
48
Calculate the highest common factor of 3926 and 2.
2
What is the greatest common factor of 2107 and 49?
49
What is the greatest common divisor of 54 and 27?
27
What is the highest common factor of 418 and 22?
22
Calculate the highest common divisor of 10 and 10.
10
What is the highest common divisor of 963 and 144?
9
Calculate the highest common divisor of 238 and 782.
34
What is the highest common divisor of 15 and 205?
5
Calculate the greatest common divisor of 935 and 1105.
85
What is the highest common divisor of 999 and 1369?
37
Calculate the greatest common divisor of 1885 and 65.
65
Calculate the highest common factor of 14993 and 1276.
319
What is the greatest common divisor of 23 and 897?
23
What is the greatest common divisor of 45 and 555?
15
What is the highest common factor of 627 and 228?
57
Calculate the greatest common factor of 2312 and 136.
136
What is the highest common divisor of 129 and 2021?
43
Calculate the highest common divisor of 12 and 42.
6
Calculate the greatest common divisor of 1852 and 36.
4
Calculate the highest common factor of 245 and 105.
35
What is the greatest common factor of 88 and 35